{"id":64235,"date":"2021-10-21T14:41:10","date_gmt":"2021-10-21T19:41:10","guid":{"rendered":"https:\/\/geneticatricolor.com\/home\/producto\/el-refugio-prescot-192-5\/"},"modified":"2025-07-24T07:48:03","modified_gmt":"2025-07-24T12:48:03","slug":"el-refugio-prescot-192-5","status":"publish","type":"product","link":"https:\/\/geneticatricolor.com\/home\/tienda\/venta-de-semen\/semen-carne-tropico\/semen-brahmangris\/el-refugio-prescot-192-5\/","title":{"rendered":"EL REFUGIO PRESCOT 192\/5"},"content":{"rendered":"<p><strong>El Refugio Prescot 192\/5<\/strong><\/p>\n<p>Un toro como pocos, el cual ha alcanzado los mayores reconocimientos en varios aspectos; por su conformaci\u00f3n al haber sido gran Gran campe\u00f3n nacional reservado 2008, por la calidad de sus cr\u00edas al haber sido reconocido como Padre Sobresaliente de la raza, por el desempe\u00f1o productivo de sus hijos al haber obtenido en diferentes pruebas nacionales de desempe\u00f1o y selecci\u00f3n a pastoreo un 1ro y un 2do lugar con sus hijos y por su fertilidad al tener un semen de muy buenos porcentajes de pre\u00f1ez, produciendo animales con muy buena adaptabilidad a condiciones de potrero, animales pesados, f\u00e9rtiles y de muy buena habilidad materna. Condiciones que lo posicionaron como uno de los de los toros que m\u00e1s cr\u00edas registr\u00f3 en Colombia en los \u00faltimos 10 a\u00f1os.<\/p>\n<p><strong>Evaluaci\u00f3n gen\u00e9tica de ASOCEB\u00da:<\/strong><br \/>\n-Lleg\u00f3 a ser l\u00edder en habilidad materna.<br \/>\n-L\u00edder en inserci\u00f3n de la ubre.<br \/>\n-L\u00edder en pigmentaci\u00f3n.<br \/>\n-L\u00edder en nuestro hato en edad al primer parto.<br \/>\n-L\u00edder en intervalo entre partos.<\/p>\n<p>Sus hijos han obtenido importantes puestos en pista entre los que se destacan varios grandes campeonatos y la gran campeona del Congreso latinoamericano Ecuador 2013, siendo un toro que transmite estructura, pigmento, musculatura y capacidad corporal.<\/p>\n<p>El Refugio Prescot 192\/5 es un gran paquete gen\u00e9tico para ser utilizado, siendo un toro probado en Colombia, Venezuela, Ecuador, Per\u00fa y Bolivia que produce animales eficientes de muy buena conformaci\u00f3n.<\/p>\n","protected":false},"excerpt":{"rendered":"<p>El Refugio Prescot 192\/5 Un toro como pocos, el cual ha alcanzado los mayores reconocimientos en varios aspectos; por su conformaci\u00f3n al haber sido gran Gran campe\u00f3n nacional reservado 2008, [&hellip;]<\/p>\n","protected":false},"author":1,"featured_media":68003,"comment_status":"open","ping_status":"closed","template":"","meta":{"_acf_changed":false,"inline_featured_image":false,"_monsterinsights_skip_tracking":false,"_monsterinsights_sitenote_active":false,"_monsterinsights_sitenote_note":"","_monsterinsights_sitenote_category":0,"site-sidebar-layout":"default","site-content-layout":"","ast-site-content-layout":"default","site-content-style":"default","site-sidebar-style":"default","ast-global-header-display":"","ast-banner-title-visibility":"","ast-main-header-display":"","ast-hfb-above-header-display":"","ast-hfb-below-header-display":"","ast-hfb-mobile-header-display":"","site-post-title":"","ast-breadcrumbs-content":"","ast-featured-img":"","footer-sml-layout":"","ast-disable-related-posts":"","theme-transparent-header-meta":"default","adv-header-id-meta":"","stick-header-meta":"","header-above-stick-meta":"","header-main-stick-meta":"","header-below-stick-meta":"","astra-migrate-meta-layouts":"set","ast-page-background-enabled":"default","ast-page-background-meta":{"desktop":{"background-color":"var(--ast-global-color-4)","background-image":"","background-repeat":"repeat","background-position":"center center","background-size":"auto","background-attachment":"scroll","background-type":"","background-media":"","overlay-type":"","overlay-color":"","overlay-opacity":"","overlay-gradient":""},"tablet":{"background-color":"","background-image":"","background-repeat":"repeat","background-position":"center center","background-size":"auto","background-attachment":"scroll","background-type":"","background-media":"","overlay-type":"","overlay-color":"","overlay-opacity":"","overlay-gradient":""},"mobile":{"background-color":"","background-image":"","background-repeat":"repeat","background-position":"center center","background-size":"auto","background-attachment":"scroll","background-type":"","background-media":"","overlay-type":"","overlay-color":"","overlay-opacity":"","overlay-gradient":""}},"ast-content-background-meta":{"desktop":{"background-color":"var(--ast-global-color-5)","background-image":"","background-repeat":"repeat","background-position":"center center","background-size":"auto","background-attachment":"scroll","background-type":"","background-media":"","overlay-type":"","overlay-color":"","overlay-opacity":"","overlay-gradient":""},"tablet":{"background-color":"var(--ast-global-color-5)","background-image":"","background-repeat":"repeat","background-position":"center center","background-size":"auto","background-attachment":"scroll","background-type":"","background-media":"","overlay-type":"","overlay-color":"","overlay-opacity":"","overlay-gradient":""},"mobile":{"background-color":"var(--ast-global-color-5)","background-image":"","background-repeat":"repeat","background-position":"center center","background-size":"auto","background-attachment":"scroll","background-type":"","background-media":"","overlay-type":"","overlay-color":"","overlay-opacity":"","overlay-gradient":""}},"jetpack_publicize_message":"","jetpack_publicize_feature_enabled":true,"jetpack_social_post_already_shared":false,"jetpack_social_options":{"image_generator_settings":{"template":"highway","default_image_id":0,"font":"","enabled":false},"version":2}},"product_brand":[],"product_cat":[83],"product_tag":[],"class_list":{"0":"post-64235","1":"product","2":"type-product","3":"status-publish","4":"has-post-thumbnail","6":"product_cat-semen-brahmangris","7":"desktop-align-left","8":"tablet-align-left","9":"mobile-align-left","11":"first","12":"instock","13":"shipping-taxable","14":"product-type-simple"},"acf":{"laboratorio":"","principio_activo":"","indicaciones":"","concentracion":"","dosis_y_modo_de_empleo":"","precauciones":"","tiempo_de_retiro":"","via_de_administracion1":[]},"jetpack_publicize_connections":[],"jetpack_sharing_enabled":true,"_links":{"self":[{"href":"https:\/\/geneticatricolor.com\/home\/wp-json\/wp\/v2\/product\/64235","targetHints":{"allow":["GET"]}}],"collection":[{"href":"https:\/\/geneticatricolor.com\/home\/wp-json\/wp\/v2\/product"}],"about":[{"href":"https:\/\/geneticatricolor.com\/home\/wp-json\/wp\/v2\/types\/product"}],"author":[{"embeddable":true,"href":"https:\/\/geneticatricolor.com\/home\/wp-json\/wp\/v2\/users\/1"}],"replies":[{"embeddable":true,"href":"https:\/\/geneticatricolor.com\/home\/wp-json\/wp\/v2\/comments?post=64235"}],"wp:featuredmedia":[{"embeddable":true,"href":"https:\/\/geneticatricolor.com\/home\/wp-json\/wp\/v2\/media\/68003"}],"wp:attachment":[{"href":"https:\/\/geneticatricolor.com\/home\/wp-json\/wp\/v2\/media?parent=64235"}],"wp:term":[{"taxonomy":"product_brand","embeddable":true,"href":"https:\/\/geneticatricolor.com\/home\/wp-json\/wp\/v2\/product_brand?post=64235"},{"taxonomy":"product_cat","embeddable":true,"href":"https:\/\/geneticatricolor.com\/home\/wp-json\/wp\/v2\/product_cat?post=64235"},{"taxonomy":"product_tag","embeddable":true,"href":"https:\/\/geneticatricolor.com\/home\/wp-json\/wp\/v2\/product_tag?post=64235"}],"curies":[{"name":"wp","href":"https:\/\/api.w.org\/{rel}","templated":true}]}}