{"id":67066,"date":"2022-02-08T22:14:41","date_gmt":"2022-02-09T03:14:41","guid":{"rendered":"https:\/\/geneticatricolor.com\/home\/producto\/cipionato-de-estradiol\/"},"modified":"2025-03-17T13:13:36","modified_gmt":"2025-03-17T18:13:36","slug":"cipionato-de-estradiol","status":"publish","type":"product","link":"https:\/\/geneticatricolor.com\/home\/tienda\/farmacia-veterinaria\/hormonas-farmacia-veterinaria\/cipionato-de-estradiol\/","title":{"rendered":"CIPIONATO DE ESTRADIOL"},"content":{"rendered":"<p>Para su uso dentro de programas de inseminaci\u00f3n artificial en protocolos que combinan progest\u00e1genos, prostaglandinas y estr\u00f3genos. En el ganado, los \u00e9steres sint\u00e9ticos de estradiol est\u00e1n indicados para inducci\u00f3n y sincronizaci\u00f3n de celos y para terapia hormonal (retenci\u00f3n de placenta, anestro, metritis, pi\u00f3metra y fetos momificados).<\/p>\n","protected":false},"excerpt":{"rendered":"<p>Para su uso dentro de programas de inseminaci\u00f3n artificial en protocolos que combinan progest\u00e1genos, prostaglandinas y estr\u00f3genos. En el ganado, los \u00e9steres sint\u00e9ticos de estradiol est\u00e1n indicados para inducci\u00f3n y [&hellip;]<\/p>\n","protected":false},"author":1,"featured_media":67065,"comment_status":"open","ping_status":"closed","template":"","meta":{"_acf_changed":false,"inline_featured_image":false,"_monsterinsights_skip_tracking":false,"_monsterinsights_sitenote_active":false,"_monsterinsights_sitenote_note":"","_monsterinsights_sitenote_category":0,"site-sidebar-layout":"default","site-content-layout":"","ast-site-content-layout":"default","site-content-style":"default","site-sidebar-style":"default","ast-global-header-display":"","ast-banner-title-visibility":"","ast-main-header-display":"","ast-hfb-above-header-display":"","ast-hfb-below-header-display":"","ast-hfb-mobile-header-display":"","site-post-title":"","ast-breadcrumbs-content":"","ast-featured-img":"","footer-sml-layout":"","ast-disable-related-posts":"","theme-transparent-header-meta":"default","adv-header-id-meta":"","stick-header-meta":"","header-above-stick-meta":"","header-main-stick-meta":"","header-below-stick-meta":"","astra-migrate-meta-layouts":"set","ast-page-background-enabled":"default","ast-page-background-meta":{"desktop":{"background-color":"var(--ast-global-color-4)","background-image":"","background-repeat":"repeat","background-position":"center center","background-size":"auto","background-attachment":"scroll","background-type":"","background-media":"","overlay-type":"","overlay-color":"","overlay-opacity":"","overlay-gradient":""},"tablet":{"background-color":"","background-image":"","background-repeat":"repeat","background-position":"center center","background-size":"auto","background-attachment":"scroll","background-type":"","background-media":"","overlay-type":"","overlay-color":"","overlay-opacity":"","overlay-gradient":""},"mobile":{"background-color":"","background-image":"","background-repeat":"repeat","background-position":"center center","background-size":"auto","background-attachment":"scroll","background-type":"","background-media":"","overlay-type":"","overlay-color":"","overlay-opacity":"","overlay-gradient":""}},"ast-content-background-meta":{"desktop":{"background-color":"var(--ast-global-color-5)","background-image":"","background-repeat":"repeat","background-position":"center center","background-size":"auto","background-attachment":"scroll","background-type":"","background-media":"","overlay-type":"","overlay-color":"","overlay-opacity":"","overlay-gradient":""},"tablet":{"background-color":"var(--ast-global-color-5)","background-image":"","background-repeat":"repeat","background-position":"center center","background-size":"auto","background-attachment":"scroll","background-type":"","background-media":"","overlay-type":"","overlay-color":"","overlay-opacity":"","overlay-gradient":""},"mobile":{"background-color":"var(--ast-global-color-5)","background-image":"","background-repeat":"repeat","background-position":"center center","background-size":"auto","background-attachment":"scroll","background-type":"","background-media":"","overlay-type":"","overlay-color":"","overlay-opacity":"","overlay-gradient":""}},"jetpack_publicize_message":"","jetpack_publicize_feature_enabled":true,"jetpack_social_post_already_shared":false,"jetpack_social_options":{"image_generator_settings":{"template":"highway","default_image_id":0,"font":"","enabled":false},"version":2}},"product_brand":[],"product_cat":[959],"product_tag":[],"class_list":{"0":"post-67066","1":"product","2":"type-product","3":"status-publish","4":"has-post-thumbnail","6":"product_cat-hormonas-farmacia-veterinaria","7":"desktop-align-left","8":"tablet-align-left","9":"mobile-align-left","11":"first","12":"instock","13":"shipping-taxable","14":"purchasable","15":"product-type-simple"},"acf":{"laboratorio":"","principio_activo":"Cipionato De Estradiol","indicaciones":"<h2 id=\"\u201dcomplementoenlainduccinysincronizacindecelosenbovinos\u201d\" class=\"\u201dproduct-section\u201d\">Complemento en la inducci\u00f3n y sincronizaci\u00f3n de celos en bovinos<\/h2>\r\n n<h2 id=\"\u201dfrmula\u201d\" class=\"\u201dproduct-section\u201d\">F\u00f3rmula<\/h2>\r\n n<div class=\"\u201dwpb_text_column\">\r\n n<div class=\"\u201dwpb_wrapper\u201d\">\r\n n\r\n nCipionato de estradiol\u2026\u2026\u2026\u2026\u2026\u2026\u2026\u2026\u202650 mg\r\n nExcipientes c.s.p\u2026\u2026\u2026\u2026\u2026\u2026.\u2026\u2026\u2026\u2026\u2026100 ml\r\n n\r\n n<\/div>\r\n n<\/div>","concentracion":"Cipionato de Estradiol 50 mg x ml Fco x 100ml","dosis_y_modo_de_empleo":"En IATF: aplicar 1 ml IM el d\u00eda de la retirada del Dispocel.\r\n \r\n Toda vez que se requiera un efecto estrog\u00e9nico:\r\n \r\n Vacas: 3-5 mg para infecundidad, 5-10 mg para metritis.\r\n \r\n Yeguas: 5-10 mg.\r\n \r\n Ovejas: 2-3 mg.\r\n \r\n Cerdas: 2-4 mg.\r\n \r\n Perras: 0,01-0,1 mg\/kg.","precauciones":"","tiempo_de_retiro":"","via_de_administracion1":[""]},"jetpack_publicize_connections":[],"jetpack_sharing_enabled":true,"_links":{"self":[{"href":"https:\/\/geneticatricolor.com\/home\/wp-json\/wp\/v2\/product\/67066","targetHints":{"allow":["GET"]}}],"collection":[{"href":"https:\/\/geneticatricolor.com\/home\/wp-json\/wp\/v2\/product"}],"about":[{"href":"https:\/\/geneticatricolor.com\/home\/wp-json\/wp\/v2\/types\/product"}],"author":[{"embeddable":true,"href":"https:\/\/geneticatricolor.com\/home\/wp-json\/wp\/v2\/users\/1"}],"replies":[{"embeddable":true,"href":"https:\/\/geneticatricolor.com\/home\/wp-json\/wp\/v2\/comments?post=67066"}],"wp:featuredmedia":[{"embeddable":true,"href":"https:\/\/geneticatricolor.com\/home\/wp-json\/wp\/v2\/media\/67065"}],"wp:attachment":[{"href":"https:\/\/geneticatricolor.com\/home\/wp-json\/wp\/v2\/media?parent=67066"}],"wp:term":[{"taxonomy":"product_brand","embeddable":true,"href":"https:\/\/geneticatricolor.com\/home\/wp-json\/wp\/v2\/product_brand?post=67066"},{"taxonomy":"product_cat","embeddable":true,"href":"https:\/\/geneticatricolor.com\/home\/wp-json\/wp\/v2\/product_cat?post=67066"},{"taxonomy":"product_tag","embeddable":true,"href":"https:\/\/geneticatricolor.com\/home\/wp-json\/wp\/v2\/product_tag?post=67066"}],"curies":[{"name":"wp","href":"https:\/\/api.w.org\/{rel}","templated":true}]}}