{"id":67818,"date":"2022-04-14T15:46:45","date_gmt":"2022-04-14T20:46:45","guid":{"rendered":"https:\/\/geneticatricolor.com\/home\/tienda-gtc\/sin%20categor\u00eda\/termo-descongelador-cito-automatico\/"},"modified":"2025-03-14T18:36:14","modified_gmt":"2025-03-14T23:36:14","slug":"termo-descongelador-cito-automatico","status":"publish","type":"product","link":"https:\/\/geneticatricolor.com\/home\/tienda\/implementos-ganaderos\/kit-de-inseminacion\/termo-descongelador-cito-automatico\/","title":{"rendered":"TERMO DESCONGELADOR CITO AUTOMATICO"},"content":{"rendered":"<p><span class=\"notranslate\"><strong>TERMO DESCONGELADOR CITO<\/strong> para descongelar semen electrico Cito \u2122 Thaw es la unidad de descongelaci\u00f3n de semen l\u00edder en la industria y existe desde hace muchos a\u00f1os.<\/span><\/p>\n<p><strong><span class=\"notranslate\">Calidad y rendimiento tradicionales<\/span><\/strong><\/p>\n<p><span class=\"notranslate\">Esta unidad descongela adecuadamente el semen a una temperatura constante de 95 \u00b0 &#8211; 98 \u00b0 F (aproximadamente 35.5 \u00b0 C)<\/span><br \/>\n<span class=\"notranslate\">Hecho de resistente pl\u00e1stico ABS anticorrosivo, la unidad es resistente, pero al mismo tiempo proteger\u00e1 todos sus elementos de trabajo.<\/span>\u00a0<span class=\"notranslate\">La luz indicadora muestra cuando la unidad est\u00e1 lista para usar, y cuando est\u00e1 funcionando y manteniendo la temperatura adecuada.<\/span>\u00a0<span class=\"notranslate\">La tapa con bisagras es de nylon reforzado, y la junta de la tapa reemplazable es de goma termopl\u00e1stica.<\/span><\/p>\n<p><span class=\"notranslate\">Dise\u00f1ado para durar muchos a\u00f1os<\/span><\/p>\n<h4><span class=\"notranslate\">N\u00fameros de parte<\/span><\/h4>\n<p><span class=\"notranslate\">18484 &#8211; Unidad Cito Thaw 12 voltios DC (bater\u00eda \/ auto enchufa)<\/span><br \/>\n<span class=\"notranslate\">18485 &#8211; Unidad Cito Thaw 240 voltios AC (enchufe del Reino Unido)<\/span><br \/>\n<span class=\"notranslate\">18486 &#8211; Unidad Cito Thaw 240 Voltios AC (Euro Plug)<\/span><\/p>\n<h4><span class=\"notranslate\">INSTRUCCIONES PARA OPERAR\u00a0<\/span><\/h4>\n<p><span class=\"notranslate\"><strong>1.<\/strong>\u00a0Llene Cito Thaw con agua corriente limpia.<\/span>\u00a0<span class=\"notranslate\">Enchufe el cable en la fuente de voltaje correcta como se indica en la base de la unidad.<\/span>\u00a0<span class=\"notranslate\">Espere a que el dispositivo de descongelaci\u00f3n se caliente a la temperatura adecuada.<\/span>\u00a0<span class=\"notranslate\">La temperatura del agua cuando comenz\u00f3 determina el tiempo exacto de calentamiento de aproximadamente 2OF \/ 1.1OC por minuto.<\/span><\/p>\n<p><span class=\"notranslate\">50 \u00b0 temperatura del agua<\/span>\u00a0<span class=\"notranslate\">a 96OF \/ 35.6OC = aprox.<\/span>\u00a0<span class=\"notranslate\">23 min.<\/span><br \/>\n<span class=\"notranslate\">60 \u00b0 temperatura del agua<\/span>\u00a0<span class=\"notranslate\">a 96OF \/ 35.6OC = aprox.<\/span>\u00a0<span class=\"notranslate\">18 min.<\/span><br \/>\n<span class=\"notranslate\">70O temperatura del agua<\/span>\u00a0<span class=\"notranslate\">a 96OF \/ 35.6OC = aprox.<\/span>\u00a0<span class=\"notranslate\">13 min.<\/span><br \/>\n<span class=\"notranslate\">80 \u00b0 temperatura del agua<\/span>\u00a0<span class=\"notranslate\">a 96OF \/ 35.6OC = aprox.<\/span>\u00a0<span class=\"notranslate\">8 min.<\/span><\/p>\n<p><span class=\"notranslate\"><strong>2.<\/strong>\u00a0La luz verde lista debe estar encendida, lo que indica que la unidad est\u00e1 a la temperatura.<\/span><\/p>\n<p><span class=\"notranslate\"><strong>3.<\/strong>\u00a0Agite el agua tomando la canasta y movi\u00e9ndola hacia arriba y hacia abajo varias veces para asegurar que la temperatura del agua sea constante a trav\u00e9s del ba\u00f1o de agua.<\/span><\/p>\n<h4><span class=\"notranslate\">PROCEDIMIENTO PARA VERIFICAR LA TEMPERATURA DEL AGUA<\/span><\/h4>\n<p><span class=\"notranslate\">Coloque THAW MONITOR en agua por un m\u00ednimo de 10 segundos.<\/span>\u00a0<span class=\"notranslate\">Vea las instrucciones en la parte posterior de THAW MONITOR para determinar la temperatura del ba\u00f1o de agua.<\/span><\/p>\n<p><span class=\"notranslate\"><strong>4.<\/strong>\u00a0Con la temperatura correcta del agua, ahora est\u00e1 listo para descongelar el semen en su Cito Thaw.<\/span><\/p>\n<p><span class=\"notranslate\"><strong>5.<\/strong>\u00a0<strong>NOTA: Las<\/strong>\u00a0nuevas unidades Cito Thaw tienen una perilla de ajuste de temperatura interna.<\/span>\u00a0<span class=\"notranslate\">Su Cito Thaw ha sido calibrado de f\u00e1brica a 96OF \/ 35.6OC.<\/span>\u00a0<span class=\"notranslate\">Sin embargo, si desea cambiar la temperatura preestablecida, puede reajustarla quitando los 7 tornillos en la parte inferior de la unidad y ajustando la perilla en el sentido de las agujas del reloj para calentar y en sentido contrario a las agujas del reloj para temperaturas m\u00e1s fr\u00edas.<\/span><span class=\"notranslate\">Gire la perilla de ajuste de temperatura poco a poco y permita que la unidad se estabilice antes de volver a controlar la temperatura.<\/span><\/p>\n","protected":false},"excerpt":{"rendered":"<p>TERMO DESCONGELADOR CITO para descongelar semen electrico Cito \u2122 Thaw es la unidad de descongelaci\u00f3n de semen l\u00edder en la industria y existe desde hace muchos a\u00f1os. Calidad y rendimiento [&hellip;]<\/p>\n","protected":false},"author":1,"featured_media":76989,"comment_status":"open","ping_status":"closed","template":"","meta":{"_acf_changed":false,"inline_featured_image":false,"_monsterinsights_skip_tracking":false,"_monsterinsights_sitenote_active":false,"_monsterinsights_sitenote_note":"","_monsterinsights_sitenote_category":0,"site-sidebar-layout":"default","site-content-layout":"","ast-site-content-layout":"default","site-content-style":"default","site-sidebar-style":"default","ast-global-header-display":"","ast-banner-title-visibility":"","ast-main-header-display":"","ast-hfb-above-header-display":"","ast-hfb-below-header-display":"","ast-hfb-mobile-header-display":"","site-post-title":"","ast-breadcrumbs-content":"","ast-featured-img":"","footer-sml-layout":"","ast-disable-related-posts":"","theme-transparent-header-meta":"default","adv-header-id-meta":"","stick-header-meta":"","header-above-stick-meta":"","header-main-stick-meta":"","header-below-stick-meta":"","astra-migrate-meta-layouts":"set","ast-page-background-enabled":"default","ast-page-background-meta":{"desktop":{"background-color":"var(--ast-global-color-4)","background-image":"","background-repeat":"repeat","background-position":"center center","background-size":"auto","background-attachment":"scroll","background-type":"","background-media":"","overlay-type":"","overlay-color":"","overlay-opacity":"","overlay-gradient":""},"tablet":{"background-color":"","background-image":"","background-repeat":"repeat","background-position":"center center","background-size":"auto","background-attachment":"scroll","background-type":"","background-media":"","overlay-type":"","overlay-color":"","overlay-opacity":"","overlay-gradient":""},"mobile":{"background-color":"","background-image":"","background-repeat":"repeat","background-position":"center center","background-size":"auto","background-attachment":"scroll","background-type":"","background-media":"","overlay-type":"","overlay-color":"","overlay-opacity":"","overlay-gradient":""}},"ast-content-background-meta":{"desktop":{"background-color":"var(--ast-global-color-5)","background-image":"","background-repeat":"repeat","background-position":"center center","background-size":"auto","background-attachment":"scroll","background-type":"","background-media":"","overlay-type":"","overlay-color":"","overlay-opacity":"","overlay-gradient":""},"tablet":{"background-color":"var(--ast-global-color-5)","background-image":"","background-repeat":"repeat","background-position":"center center","background-size":"auto","background-attachment":"scroll","background-type":"","background-media":"","overlay-type":"","overlay-color":"","overlay-opacity":"","overlay-gradient":""},"mobile":{"background-color":"var(--ast-global-color-5)","background-image":"","background-repeat":"repeat","background-position":"center center","background-size":"auto","background-attachment":"scroll","background-type":"","background-media":"","overlay-type":"","overlay-color":"","overlay-opacity":"","overlay-gradient":""}},"jetpack_publicize_message":"","jetpack_publicize_feature_enabled":true,"jetpack_social_post_already_shared":false,"jetpack_social_options":{"image_generator_settings":{"template":"highway","default_image_id":0,"font":"","enabled":false},"version":2}},"product_brand":[],"product_cat":[942],"product_tag":[],"class_list":{"0":"post-67818","1":"product","2":"type-product","3":"status-publish","4":"has-post-thumbnail","6":"product_cat-kit-de-inseminacion","7":"desktop-align-left","8":"tablet-align-left","9":"mobile-align-left","11":"first","12":"instock","13":"shipping-taxable","14":"product-type-simple"},"acf":{"laboratorio":"","principio_activo":"","indicaciones":"","concentracion":"","dosis_y_modo_de_empleo":"","precauciones":"","tiempo_de_retiro":"","via_de_administracion1":[""]},"jetpack_publicize_connections":[],"jetpack_sharing_enabled":true,"_links":{"self":[{"href":"https:\/\/geneticatricolor.com\/home\/wp-json\/wp\/v2\/product\/67818","targetHints":{"allow":["GET"]}}],"collection":[{"href":"https:\/\/geneticatricolor.com\/home\/wp-json\/wp\/v2\/product"}],"about":[{"href":"https:\/\/geneticatricolor.com\/home\/wp-json\/wp\/v2\/types\/product"}],"author":[{"embeddable":true,"href":"https:\/\/geneticatricolor.com\/home\/wp-json\/wp\/v2\/users\/1"}],"replies":[{"embeddable":true,"href":"https:\/\/geneticatricolor.com\/home\/wp-json\/wp\/v2\/comments?post=67818"}],"wp:featuredmedia":[{"embeddable":true,"href":"https:\/\/geneticatricolor.com\/home\/wp-json\/wp\/v2\/media\/76989"}],"wp:attachment":[{"href":"https:\/\/geneticatricolor.com\/home\/wp-json\/wp\/v2\/media?parent=67818"}],"wp:term":[{"taxonomy":"product_brand","embeddable":true,"href":"https:\/\/geneticatricolor.com\/home\/wp-json\/wp\/v2\/product_brand?post=67818"},{"taxonomy":"product_cat","embeddable":true,"href":"https:\/\/geneticatricolor.com\/home\/wp-json\/wp\/v2\/product_cat?post=67818"},{"taxonomy":"product_tag","embeddable":true,"href":"https:\/\/geneticatricolor.com\/home\/wp-json\/wp\/v2\/product_tag?post=67818"}],"curies":[{"name":"wp","href":"https:\/\/api.w.org\/{rel}","templated":true}]}}