{"id":68854,"date":"2022-10-01T16:34:01","date_gmt":"2022-10-01T21:34:01","guid":{"rendered":"https:\/\/geneticatricolor.com\/home\/tienda\/sin%20categor\u00eda\/ivegan\/"},"modified":"2025-03-17T13:13:53","modified_gmt":"2025-03-17T18:13:53","slug":"ivegan","status":"publish","type":"product","link":"https:\/\/geneticatricolor.com\/home\/tienda\/farmacia-veterinaria\/antiparasitario-externo-farmacia-veterinaria\/ivegan\/","title":{"rendered":"IVEGAN"},"content":{"rendered":"<p>En bovinos y porcinos para el control y tratamiento del parasitismo gastrointestinal, pulmonar y del parasitismo externo. Bovinos: Endopar\u00e1sitos: Ostertagia sp, Haemonchus sp, Mecistocirrus digitatus (adultos) Trichostrongylus colubriformis, Cooperia sp, Bunostomum phlebotomum, Nematodirus sp (adultos), Strongyloides papillosus (adultos), Toxocara vitolorum, Parafilaria bov\u00edcola, Thelazia sp (adultos), Oesophagostomum radiatum, Pulmonares: Dictyocaulus viviparus. Ectopar\u00e1sitos: Linognathus vituli, Solenopotes capillatus, Haematopinus eurysternus, Psoroptes communis var bovis, Sarcoptes scabiei var. bovis, Chorioptes bovis, Dermatobia hominis. Ayuda en el control de la garrapata Boophilus microplus.Porcinos:Endopar\u00e1sitos: Ascaris suum, Hyostrongylus rubidus, Strongyloides ransomi, Oesophagostomum sp, Trichuris suis. Renal: Stephanurus dentatus. Pulmonar: Metastrongylus sp. Ectopar\u00e1sitos: Haematopinus suis, Sarcoptes scabiei var. suis.<\/p>\n","protected":false},"excerpt":{"rendered":"<p>En bovinos y porcinos para el control y tratamiento del parasitismo gastrointestinal, pulmonar y del parasitismo externo. Bovinos: Endopar\u00e1sitos: Ostertagia sp, Haemonchus sp, Mecistocirrus digitatus (adultos) Trichostrongylus colubriformis, Cooperia sp, [&hellip;]<\/p>\n","protected":false},"author":1,"featured_media":68851,"comment_status":"open","ping_status":"closed","template":"","meta":{"_acf_changed":false,"inline_featured_image":false,"_monsterinsights_skip_tracking":false,"_monsterinsights_sitenote_active":false,"_monsterinsights_sitenote_note":"","_monsterinsights_sitenote_category":0,"site-sidebar-layout":"default","site-content-layout":"default","ast-site-content-layout":"default","site-content-style":"default","site-sidebar-style":"default","ast-global-header-display":"","ast-banner-title-visibility":"","ast-main-header-display":"","ast-hfb-above-header-display":"","ast-hfb-below-header-display":"","ast-hfb-mobile-header-display":"","site-post-title":"","ast-breadcrumbs-content":"","ast-featured-img":"","footer-sml-layout":"","ast-disable-related-posts":"","theme-transparent-header-meta":"default","adv-header-id-meta":"","stick-header-meta":"","header-above-stick-meta":"","header-main-stick-meta":"","header-below-stick-meta":"","astra-migrate-meta-layouts":"default","ast-page-background-enabled":"default","ast-page-background-meta":{"desktop":{"background-color":"var(--ast-global-color-4)","background-image":"","background-repeat":"repeat","background-position":"center center","background-size":"auto","background-attachment":"scroll","background-type":"","background-media":"","overlay-type":"","overlay-color":"","overlay-opacity":"","overlay-gradient":""},"tablet":{"background-color":"","background-image":"","background-repeat":"repeat","background-position":"center center","background-size":"auto","background-attachment":"scroll","background-type":"","background-media":"","overlay-type":"","overlay-color":"","overlay-opacity":"","overlay-gradient":""},"mobile":{"background-color":"","background-image":"","background-repeat":"repeat","background-position":"center center","background-size":"auto","background-attachment":"scroll","background-type":"","background-media":"","overlay-type":"","overlay-color":"","overlay-opacity":"","overlay-gradient":""}},"ast-content-background-meta":{"desktop":{"background-color":"var(--ast-global-color-5)","background-image":"","background-repeat":"repeat","background-position":"center center","background-size":"auto","background-attachment":"scroll","background-type":"","background-media":"","overlay-type":"","overlay-color":"","overlay-opacity":"","overlay-gradient":""},"tablet":{"background-color":"var(--ast-global-color-5)","background-image":"","background-repeat":"repeat","background-position":"center center","background-size":"auto","background-attachment":"scroll","background-type":"","background-media":"","overlay-type":"","overlay-color":"","overlay-opacity":"","overlay-gradient":""},"mobile":{"background-color":"var(--ast-global-color-5)","background-image":"","background-repeat":"repeat","background-position":"center center","background-size":"auto","background-attachment":"scroll","background-type":"","background-media":"","overlay-type":"","overlay-color":"","overlay-opacity":"","overlay-gradient":""}},"jetpack_publicize_message":"","jetpack_publicize_feature_enabled":true,"jetpack_social_post_already_shared":false,"jetpack_social_options":{"image_generator_settings":{"template":"highway","default_image_id":0,"font":"","enabled":false},"version":2}},"product_brand":[],"product_cat":[950,951],"product_tag":[],"class_list":{"0":"post-68854","1":"product","2":"type-product","3":"status-publish","4":"has-post-thumbnail","6":"product_cat-antiparasitario-externo-farmacia-veterinaria","7":"product_cat-antiparasitario-interno-farmacia-veterinaria","8":"desktop-align-left","9":"tablet-align-left","10":"mobile-align-left","12":"first","13":"instock","14":"shipping-taxable","15":"purchasable","16":"product-type-variable"},"acf":{"laboratorio":"Carval","principio_activo":"Ivermectina","indicaciones":"","concentracion":"1%","dosis_y_modo_de_empleo":"Administrar por v\u00eda subcut\u00e1nea \u00fanicamente: Bovinos: 1 mL por cada 50 Kg de peso corporal. Porcinos: 1 mL por cada 33 kg de peso corporal.","precauciones":"Mant\u00e9ngase fuera del alcance de los ni\u00f1os. Uso veterinario. No administrar v\u00eda intravenosa o intramuscular. Venta bajo receta del M\u00e9dico Veterinario. Proteger el frasco de la luz directa.","tiempo_de_retiro":"Los bovinos tratados no deben sacrificarse para consumo humano hasta 21 d\u00edas despu\u00e9s de finalizado el tratamiento y los porcinos hasta 28 d\u00edas despu\u00e9s. No administrar a vacas en producci\u00f3n de leche destinada al consumo humano ni 28 d\u00edas anteriores al parto.","via_de_administracion1":[""]},"jetpack_publicize_connections":[],"jetpack_sharing_enabled":true,"_links":{"self":[{"href":"https:\/\/geneticatricolor.com\/home\/wp-json\/wp\/v2\/product\/68854","targetHints":{"allow":["GET"]}}],"collection":[{"href":"https:\/\/geneticatricolor.com\/home\/wp-json\/wp\/v2\/product"}],"about":[{"href":"https:\/\/geneticatricolor.com\/home\/wp-json\/wp\/v2\/types\/product"}],"author":[{"embeddable":true,"href":"https:\/\/geneticatricolor.com\/home\/wp-json\/wp\/v2\/users\/1"}],"replies":[{"embeddable":true,"href":"https:\/\/geneticatricolor.com\/home\/wp-json\/wp\/v2\/comments?post=68854"}],"wp:featuredmedia":[{"embeddable":true,"href":"https:\/\/geneticatricolor.com\/home\/wp-json\/wp\/v2\/media\/68851"}],"wp:attachment":[{"href":"https:\/\/geneticatricolor.com\/home\/wp-json\/wp\/v2\/media?parent=68854"}],"wp:term":[{"taxonomy":"product_brand","embeddable":true,"href":"https:\/\/geneticatricolor.com\/home\/wp-json\/wp\/v2\/product_brand?post=68854"},{"taxonomy":"product_cat","embeddable":true,"href":"https:\/\/geneticatricolor.com\/home\/wp-json\/wp\/v2\/product_cat?post=68854"},{"taxonomy":"product_tag","embeddable":true,"href":"https:\/\/geneticatricolor.com\/home\/wp-json\/wp\/v2\/product_tag?post=68854"}],"curies":[{"name":"wp","href":"https:\/\/api.w.org\/{rel}","templated":true}]}}