{"id":68904,"date":"2022-10-02T18:08:22","date_gmt":"2022-10-02T23:08:22","guid":{"rendered":"https:\/\/geneticatricolor.com\/home\/tienda\/sin%20categor\u00eda\/diflakill\/"},"modified":"2025-03-17T13:14:06","modified_gmt":"2025-03-17T18:14:06","slug":"diflakill","status":"publish","type":"product","link":"https:\/\/geneticatricolor.com\/home\/tienda\/farmacia-veterinaria\/antiparasitario-externo-farmacia-veterinaria\/diflakill\/","title":{"rendered":"DIFLAKILL"},"content":{"rendered":"<p>En bovinos (de carne y leche), vacas gestantes, para el control y prevenci\u00f3n del desarrollo de larvas de la mosca de los cuernos (Haematobia irritans), mosca com\u00fan (Musca domestica) y mosca de los establos (Stomoxys calcitrans). Como coadyuvante en el control de fases larvarias de la garrapata (Rhipicephalus (Boophilus) microplus) en bovinos.<\/p>\n","protected":false},"excerpt":{"rendered":"<p>En bovinos (de carne y leche), vacas gestantes, para el control y prevenci\u00f3n del desarrollo de larvas de la mosca de los cuernos (Haematobia irritans), mosca com\u00fan (Musca domestica) y [&hellip;]<\/p>\n","protected":false},"author":1,"featured_media":69131,"comment_status":"open","ping_status":"closed","template":"","meta":{"_acf_changed":false,"inline_featured_image":false,"_monsterinsights_skip_tracking":false,"_monsterinsights_sitenote_active":false,"_monsterinsights_sitenote_note":"","_monsterinsights_sitenote_category":0,"site-sidebar-layout":"default","site-content-layout":"default","ast-site-content-layout":"default","site-content-style":"default","site-sidebar-style":"default","ast-global-header-display":"","ast-banner-title-visibility":"","ast-main-header-display":"","ast-hfb-above-header-display":"","ast-hfb-below-header-display":"","ast-hfb-mobile-header-display":"","site-post-title":"","ast-breadcrumbs-content":"","ast-featured-img":"","footer-sml-layout":"","ast-disable-related-posts":"","theme-transparent-header-meta":"default","adv-header-id-meta":"","stick-header-meta":"","header-above-stick-meta":"","header-main-stick-meta":"","header-below-stick-meta":"","astra-migrate-meta-layouts":"default","ast-page-background-enabled":"default","ast-page-background-meta":{"desktop":{"background-color":"var(--ast-global-color-4)","background-image":"","background-repeat":"repeat","background-position":"center center","background-size":"auto","background-attachment":"scroll","background-type":"","background-media":"","overlay-type":"","overlay-color":"","overlay-opacity":"","overlay-gradient":""},"tablet":{"background-color":"","background-image":"","background-repeat":"repeat","background-position":"center center","background-size":"auto","background-attachment":"scroll","background-type":"","background-media":"","overlay-type":"","overlay-color":"","overlay-opacity":"","overlay-gradient":""},"mobile":{"background-color":"","background-image":"","background-repeat":"repeat","background-position":"center center","background-size":"auto","background-attachment":"scroll","background-type":"","background-media":"","overlay-type":"","overlay-color":"","overlay-opacity":"","overlay-gradient":""}},"ast-content-background-meta":{"desktop":{"background-color":"var(--ast-global-color-5)","background-image":"","background-repeat":"repeat","background-position":"center center","background-size":"auto","background-attachment":"scroll","background-type":"","background-media":"","overlay-type":"","overlay-color":"","overlay-opacity":"","overlay-gradient":""},"tablet":{"background-color":"var(--ast-global-color-5)","background-image":"","background-repeat":"repeat","background-position":"center center","background-size":"auto","background-attachment":"scroll","background-type":"","background-media":"","overlay-type":"","overlay-color":"","overlay-opacity":"","overlay-gradient":""},"mobile":{"background-color":"var(--ast-global-color-5)","background-image":"","background-repeat":"repeat","background-position":"center center","background-size":"auto","background-attachment":"scroll","background-type":"","background-media":"","overlay-type":"","overlay-color":"","overlay-opacity":"","overlay-gradient":""}},"jetpack_publicize_message":"","jetpack_publicize_feature_enabled":true,"jetpack_social_post_already_shared":false,"jetpack_social_options":{"image_generator_settings":{"template":"highway","default_image_id":0,"font":"","enabled":false},"version":2}},"product_brand":[],"product_cat":[950,949],"product_tag":[],"class_list":{"0":"post-68904","1":"product","2":"type-product","3":"status-publish","4":"has-post-thumbnail","6":"product_cat-antiparasitario-externo-farmacia-veterinaria","7":"product_cat-farmacia-veterinaria","8":"desktop-align-left","9":"tablet-align-left","10":"mobile-align-left","12":"first","13":"instock","14":"shipping-taxable","15":"purchasable","16":"product-type-variable"},"acf":{"laboratorio":"Carval","principio_activo":"","indicaciones":"","concentracion":"","dosis_y_modo_de_empleo":"Realizar una premezcla homog\u00e9nea con el alimento o la sal antes de ser suministrado al animal. En bovinos adicionar 333 gramos de DIFLAKILL\u00ae \/ tonelada de alimento cuando el consumo sea de 3 kg de alimento\/animal\/d\u00eda o 34 g de DIFLAKILL\u00ae \/kg de sal mineralizada, cuando el consumo sea de 30 g de sal\/animal\/d\u00eda. El animal debe consumir 1 g del producto al d\u00eda durante 60 d\u00edas o seg\u00fan criterio del m\u00e9dico veterinario.","precauciones":"Categor\u00eda toxicol\u00f3gica IV: Ligeramente t\u00f3xico. Uso veterinario. Mant\u00e9ngase fuera del alcance de los ni\u00f1os y alejado de animales dom\u00e9sticos. No comer, beber o fumar durante su preparaci\u00f3n. Evitar la inhalaci\u00f3n del polvo al momento de realizar la mezcla. Evitar contacto con los ojos y otras partes expuestas del cuerpo. Utilizar elementos de protecci\u00f3n personal al momento de manipular el producto. No arrojar el producto a fuentes de agua.","tiempo_de_retiro":"No requiere tiempo de retiro en Bovinos de carne y\/o leche.","via_de_administracion1":["Via oral"]},"jetpack_publicize_connections":[],"jetpack_sharing_enabled":true,"_links":{"self":[{"href":"https:\/\/geneticatricolor.com\/home\/wp-json\/wp\/v2\/product\/68904","targetHints":{"allow":["GET"]}}],"collection":[{"href":"https:\/\/geneticatricolor.com\/home\/wp-json\/wp\/v2\/product"}],"about":[{"href":"https:\/\/geneticatricolor.com\/home\/wp-json\/wp\/v2\/types\/product"}],"author":[{"embeddable":true,"href":"https:\/\/geneticatricolor.com\/home\/wp-json\/wp\/v2\/users\/1"}],"replies":[{"embeddable":true,"href":"https:\/\/geneticatricolor.com\/home\/wp-json\/wp\/v2\/comments?post=68904"}],"wp:featuredmedia":[{"embeddable":true,"href":"https:\/\/geneticatricolor.com\/home\/wp-json\/wp\/v2\/media\/69131"}],"wp:attachment":[{"href":"https:\/\/geneticatricolor.com\/home\/wp-json\/wp\/v2\/media?parent=68904"}],"wp:term":[{"taxonomy":"product_brand","embeddable":true,"href":"https:\/\/geneticatricolor.com\/home\/wp-json\/wp\/v2\/product_brand?post=68904"},{"taxonomy":"product_cat","embeddable":true,"href":"https:\/\/geneticatricolor.com\/home\/wp-json\/wp\/v2\/product_cat?post=68904"},{"taxonomy":"product_tag","embeddable":true,"href":"https:\/\/geneticatricolor.com\/home\/wp-json\/wp\/v2\/product_tag?post=68904"}],"curies":[{"name":"wp","href":"https:\/\/api.w.org\/{rel}","templated":true}]}}