{"id":68921,"date":"2022-10-02T18:08:26","date_gmt":"2022-10-02T23:08:26","guid":{"rendered":"https:\/\/geneticatricolor.com\/home\/tienda\/sin%20categor\u00eda\/multifort-500-ml\/"},"modified":"2025-07-21T18:24:20","modified_gmt":"2025-07-21T23:24:20","slug":"multifort-500-ml","status":"publish","type":"product","link":"https:\/\/geneticatricolor.com\/home\/tienda\/farmacia-veterinaria\/multivitaminicos\/multifort-500-ml\/","title":{"rendered":"MULTIFORT * 500 mL"},"content":{"rendered":"<p>Para estimular la producci\u00f3n de masas musculares en el bovino. Permite el aprovechamiento integral de los nutrientes que recibe con los alimentos coadyuvando a acelerar la terminaci\u00f3n, proporcionando en menos tiempo m\u00e1s kilos por novillo. Disminuye los riesgos por enfermedad y mermas durante el transporte.<\/p>\n","protected":false},"excerpt":{"rendered":"<p>Para estimular la producci\u00f3n de masas musculares en el bovino. Permite el aprovechamiento integral de los nutrientes que recibe con los alimentos coadyuvando a acelerar la terminaci\u00f3n, proporcionando en menos [&hellip;]<\/p>\n","protected":false},"author":1,"featured_media":69096,"comment_status":"open","ping_status":"closed","template":"","meta":{"_acf_changed":false,"inline_featured_image":false,"_monsterinsights_skip_tracking":false,"_monsterinsights_sitenote_active":false,"_monsterinsights_sitenote_note":"","_monsterinsights_sitenote_category":0,"site-sidebar-layout":"","site-content-layout":"","ast-site-content-layout":"default","site-content-style":"default","site-sidebar-style":"default","ast-global-header-display":"","ast-banner-title-visibility":"","ast-main-header-display":"","ast-hfb-above-header-display":"","ast-hfb-below-header-display":"","ast-hfb-mobile-header-display":"","site-post-title":"","ast-breadcrumbs-content":"","ast-featured-img":"","footer-sml-layout":"","ast-disable-related-posts":"","theme-transparent-header-meta":"","adv-header-id-meta":"","stick-header-meta":"","header-above-stick-meta":"","header-main-stick-meta":"","header-below-stick-meta":"","astra-migrate-meta-layouts":"default","ast-page-background-enabled":"default","ast-page-background-meta":{"desktop":{"background-color":"var(--ast-global-color-4)","background-image":"","background-repeat":"repeat","background-position":"center center","background-size":"auto","background-attachment":"scroll","background-type":"","background-media":"","overlay-type":"","overlay-color":"","overlay-opacity":"","overlay-gradient":""},"tablet":{"background-color":"","background-image":"","background-repeat":"repeat","background-position":"center center","background-size":"auto","background-attachment":"scroll","background-type":"","background-media":"","overlay-type":"","overlay-color":"","overlay-opacity":"","overlay-gradient":""},"mobile":{"background-color":"","background-image":"","background-repeat":"repeat","background-position":"center center","background-size":"auto","background-attachment":"scroll","background-type":"","background-media":"","overlay-type":"","overlay-color":"","overlay-opacity":"","overlay-gradient":""}},"ast-content-background-meta":{"desktop":{"background-color":"var(--ast-global-color-5)","background-image":"","background-repeat":"repeat","background-position":"center center","background-size":"auto","background-attachment":"scroll","background-type":"","background-media":"","overlay-type":"","overlay-color":"","overlay-opacity":"","overlay-gradient":""},"tablet":{"background-color":"var(--ast-global-color-5)","background-image":"","background-repeat":"repeat","background-position":"center center","background-size":"auto","background-attachment":"scroll","background-type":"","background-media":"","overlay-type":"","overlay-color":"","overlay-opacity":"","overlay-gradient":""},"mobile":{"background-color":"var(--ast-global-color-5)","background-image":"","background-repeat":"repeat","background-position":"center center","background-size":"auto","background-attachment":"scroll","background-type":"","background-media":"","overlay-type":"","overlay-color":"","overlay-opacity":"","overlay-gradient":""}},"jetpack_publicize_message":"","jetpack_publicize_feature_enabled":true,"jetpack_social_post_already_shared":false,"jetpack_social_options":{"image_generator_settings":{"template":"highway","default_image_id":0,"font":"","enabled":false},"version":2}},"product_brand":[],"product_cat":[958],"product_tag":[],"class_list":{"0":"post-68921","1":"product","2":"type-product","3":"status-publish","4":"has-post-thumbnail","6":"product_cat-multivitaminicos","7":"desktop-align-left","8":"tablet-align-left","9":"mobile-align-left","11":"first","12":"instock","13":"shipping-taxable","14":"purchasable","15":"product-type-variable"},"acf":{"laboratorio":"Carval","principio_activo":"Prolina 28,80 mg\n \n Valina 8,90 mg\n \n Lisina 1230,40 mg\n \n Metionina 609,00 mg\n \n Fenilalanina 9,80 mg\n \n Isoleucina 6,80 mg\n \n Leucina 12,50 mg\n \n Cistina 0,08 mg\n \n Arginina 5,00 mg.\n \n Acido glut\u00e1mico 5,50 mg.\n \n Triptofano 60,00 mg\n \n Acido Asp\u00e1rtico 0,10 mg\n \n Serina 0,10 mg\n \n Glicocola 0,12 mg\n \n Histidina 1,60 mg\n \n Treonina 1,20 mg\n \n Alanina 0,40 mg\n \n Hierro Dextrano 250,00 mg\n \n Gluconato de Cobre 214,00 mg\n \n Gluconato de Zinc 91,00 mg\n \n Gluconato de Manganeso 310,00 mg\n \n Excipientes c.s.p. 100,00 ml","indicaciones":"","concentracion":"","dosis_y_modo_de_empleo":"Durante el desarrollo: una o m\u00e1s dosis de 10 ml despu\u00e9s del per\u00edodo post-destete.Para terminaci\u00f3n:10 ml 90 d\u00edas pre-faena.10 ml 60 d\u00edas pre-faena.10 ml 30 d\u00edas pre-faena.","precauciones":"","tiempo_de_retiro":"","via_de_administracion1":["Via Intramuscular profunda"]},"jetpack_publicize_connections":[],"jetpack_sharing_enabled":true,"_links":{"self":[{"href":"https:\/\/geneticatricolor.com\/home\/wp-json\/wp\/v2\/product\/68921","targetHints":{"allow":["GET"]}}],"collection":[{"href":"https:\/\/geneticatricolor.com\/home\/wp-json\/wp\/v2\/product"}],"about":[{"href":"https:\/\/geneticatricolor.com\/home\/wp-json\/wp\/v2\/types\/product"}],"author":[{"embeddable":true,"href":"https:\/\/geneticatricolor.com\/home\/wp-json\/wp\/v2\/users\/1"}],"replies":[{"embeddable":true,"href":"https:\/\/geneticatricolor.com\/home\/wp-json\/wp\/v2\/comments?post=68921"}],"wp:featuredmedia":[{"embeddable":true,"href":"https:\/\/geneticatricolor.com\/home\/wp-json\/wp\/v2\/media\/69096"}],"wp:attachment":[{"href":"https:\/\/geneticatricolor.com\/home\/wp-json\/wp\/v2\/media?parent=68921"}],"wp:term":[{"taxonomy":"product_brand","embeddable":true,"href":"https:\/\/geneticatricolor.com\/home\/wp-json\/wp\/v2\/product_brand?post=68921"},{"taxonomy":"product_cat","embeddable":true,"href":"https:\/\/geneticatricolor.com\/home\/wp-json\/wp\/v2\/product_cat?post=68921"},{"taxonomy":"product_tag","embeddable":true,"href":"https:\/\/geneticatricolor.com\/home\/wp-json\/wp\/v2\/product_tag?post=68921"}],"curies":[{"name":"wp","href":"https:\/\/api.w.org\/{rel}","templated":true}]}}