{"id":68925,"date":"2022-10-02T18:08:44","date_gmt":"2022-10-02T23:08:44","guid":{"rendered":"https:\/\/geneticatricolor.com\/home\/tienda\/sin%20categor\u00eda\/supraval-10-p\/"},"modified":"2025-03-17T13:14:20","modified_gmt":"2025-03-17T18:14:20","slug":"supraval-10-p","status":"publish","type":"product","link":"https:\/\/geneticatricolor.com\/home\/tienda\/farmacia-veterinaria\/vacunas-farmacia-veterinaria\/supraval-10-p\/","title":{"rendered":"SUPRAVAL 10 + P"},"content":{"rendered":"<p>Indicada para la inmunizzacion activa de ovinos, bovinos y caprinos contra: Mancha(Carbunco sintom\u00e1tico), Edema maligno (Gangrenas gaseosas), Disenteria de los corderos, Hepatitis infeccionsa necrosante, Gastritis hemorr\u00e1gica por C. septicum (Broxy), Enfermedad del ri\u00f1on p\u00falposo, CAbeza Hinchada, Enterotoxemias, T\u00e9tanos, Pastereulosis neumonica y Pasterelosis s\u00e9ptica.<\/p>\n","protected":false},"excerpt":{"rendered":"<p>Indicada para la inmunizzacion activa de ovinos, bovinos y caprinos contra: Mancha(Carbunco sintom\u00e1tico), Edema maligno (Gangrenas gaseosas), Disenteria de los corderos, Hepatitis infeccionsa necrosante, Gastritis hemorr\u00e1gica por C. septicum (Broxy), [&hellip;]<\/p>\n","protected":false},"author":1,"featured_media":0,"comment_status":"open","ping_status":"closed","template":"","meta":{"_acf_changed":false,"inline_featured_image":false,"_monsterinsights_skip_tracking":false,"_monsterinsights_sitenote_active":false,"_monsterinsights_sitenote_note":"","_monsterinsights_sitenote_category":0,"site-sidebar-layout":"","site-content-layout":"","ast-site-content-layout":"default","site-content-style":"default","site-sidebar-style":"default","ast-global-header-display":"","ast-banner-title-visibility":"","ast-main-header-display":"","ast-hfb-above-header-display":"","ast-hfb-below-header-display":"","ast-hfb-mobile-header-display":"","site-post-title":"","ast-breadcrumbs-content":"","ast-featured-img":"","footer-sml-layout":"","ast-disable-related-posts":"","theme-transparent-header-meta":"","adv-header-id-meta":"","stick-header-meta":"","header-above-stick-meta":"","header-main-stick-meta":"","header-below-stick-meta":"","astra-migrate-meta-layouts":"default","ast-page-background-enabled":"default","ast-page-background-meta":{"desktop":{"background-color":"var(--ast-global-color-4)","background-image":"","background-repeat":"repeat","background-position":"center center","background-size":"auto","background-attachment":"scroll","background-type":"","background-media":"","overlay-type":"","overlay-color":"","overlay-opacity":"","overlay-gradient":""},"tablet":{"background-color":"","background-image":"","background-repeat":"repeat","background-position":"center center","background-size":"auto","background-attachment":"scroll","background-type":"","background-media":"","overlay-type":"","overlay-color":"","overlay-opacity":"","overlay-gradient":""},"mobile":{"background-color":"","background-image":"","background-repeat":"repeat","background-position":"center center","background-size":"auto","background-attachment":"scroll","background-type":"","background-media":"","overlay-type":"","overlay-color":"","overlay-opacity":"","overlay-gradient":""}},"ast-content-background-meta":{"desktop":{"background-color":"var(--ast-global-color-5)","background-image":"","background-repeat":"repeat","background-position":"center center","background-size":"auto","background-attachment":"scroll","background-type":"","background-media":"","overlay-type":"","overlay-color":"","overlay-opacity":"","overlay-gradient":""},"tablet":{"background-color":"var(--ast-global-color-5)","background-image":"","background-repeat":"repeat","background-position":"center center","background-size":"auto","background-attachment":"scroll","background-type":"","background-media":"","overlay-type":"","overlay-color":"","overlay-opacity":"","overlay-gradient":""},"mobile":{"background-color":"var(--ast-global-color-5)","background-image":"","background-repeat":"repeat","background-position":"center center","background-size":"auto","background-attachment":"scroll","background-type":"","background-media":"","overlay-type":"","overlay-color":"","overlay-opacity":"","overlay-gradient":""}},"jetpack_publicize_message":"","jetpack_publicize_feature_enabled":true,"jetpack_social_post_already_shared":false,"jetpack_social_options":{"image_generator_settings":{"template":"highway","default_image_id":0,"font":"","enabled":false},"version":2}},"product_brand":[],"product_cat":[961],"product_tag":[],"class_list":{"0":"post-68925","1":"product","2":"type-product","3":"status-publish","5":"product_cat-vacunas-farmacia-veterinaria","6":"desktop-align-left","7":"tablet-align-left","8":"mobile-align-left","10":"first","11":"instock","12":"shipping-taxable","13":"purchasable","14":"product-type-variable"},"acf":{"laboratorio":"Carval","principio_activo":"Polivalente Clostridiales + Pasteurella","indicaciones":"","concentracion":"","dosis_y_modo_de_empleo":"Bovinos: 4 mL\n \n Ovinos y caprinos: 2 mL\n \n \n \n Via Subcut\u00e1nea\n \n \n \n En animales que nunca fueron inmunizados, se deben administrar dos dosis separafas por iun intervalo de 4 a 6 semanas.\n \n \n \n Los animales deben ser revacunadfos en periodsod no mayores a 12 meses\n \n \n \n Se pueden vacunar animales a partir de las tres smeansa de edad, pero cuand se vacunan animales de menos de 6 meses, se recomienda revacunar a los 6 meses, y luego anualmente.","precauciones":"","tiempo_de_retiro":"No tiene.","via_de_administracion1":["Via Subcut\u00e1nea"]},"jetpack_publicize_connections":[],"jetpack_sharing_enabled":true,"_links":{"self":[{"href":"https:\/\/geneticatricolor.com\/home\/wp-json\/wp\/v2\/product\/68925","targetHints":{"allow":["GET"]}}],"collection":[{"href":"https:\/\/geneticatricolor.com\/home\/wp-json\/wp\/v2\/product"}],"about":[{"href":"https:\/\/geneticatricolor.com\/home\/wp-json\/wp\/v2\/types\/product"}],"author":[{"embeddable":true,"href":"https:\/\/geneticatricolor.com\/home\/wp-json\/wp\/v2\/users\/1"}],"replies":[{"embeddable":true,"href":"https:\/\/geneticatricolor.com\/home\/wp-json\/wp\/v2\/comments?post=68925"}],"wp:attachment":[{"href":"https:\/\/geneticatricolor.com\/home\/wp-json\/wp\/v2\/media?parent=68925"}],"wp:term":[{"taxonomy":"product_brand","embeddable":true,"href":"https:\/\/geneticatricolor.com\/home\/wp-json\/wp\/v2\/product_brand?post=68925"},{"taxonomy":"product_cat","embeddable":true,"href":"https:\/\/geneticatricolor.com\/home\/wp-json\/wp\/v2\/product_cat?post=68925"},{"taxonomy":"product_tag","embeddable":true,"href":"https:\/\/geneticatricolor.com\/home\/wp-json\/wp\/v2\/product_tag?post=68925"}],"curies":[{"name":"wp","href":"https:\/\/api.w.org\/{rel}","templated":true}]}}