{"id":70000,"date":"2023-08-15T22:02:52","date_gmt":"2023-08-16T03:02:52","guid":{"rendered":"https:\/\/geneticatricolor.com\/home\/tienda\/sin%20categor\u00eda\/mr-h-pride-of-maddox-manso-684-8\/"},"modified":"2025-07-24T07:55:28","modified_gmt":"2025-07-24T12:55:28","slug":"mr-h-pride-of-maddox-manso-684-8","status":"publish","type":"product","link":"https:\/\/geneticatricolor.com\/home\/tienda\/venta-de-semen\/semen-carne-tropico\/semen-brahmangris\/mr-h-pride-of-maddox-manso-684-8\/","title":{"rendered":"MR. H PRIDE OF MADDOX MANSO 684\/8"},"content":{"rendered":"<p><strong>Mr. H Pride Of Maddox Manso 684\/8<\/strong><\/p>\n<div class=\"x-row x-container max width e1740-e4 m1cc-e m1cc-f m1cc-g m1cc-h m1cc-m m1cc-n\">\n<div class=\"x-row-inner\">\n<div class=\"x-col e1740-e5 m1cc-t m1cc-u\">\n<div class=\"x-text x-content e1740-e6 m1cc-x m1cc-y m1cc-z m1cc-10 m1cc-11 m1cc-12\">\n<h6>Madre: +LADY H ADELYN MANSO 55\/9<\/h6>\n<\/div>\n<div class=\"x-text x-content e1740-e7 m1cc-x m1cc-y m1cc-z m1cc-11 m1cc-12 m1cc-13 m1cc-14\">\n<h6>Padre: +MR H MADDOX MANSO 684<\/h6>\n<\/div>\n<div class=\"x-text x-content e1740-e8 m1cc-x m1cc-y m1cc-z m1cc-10 m1cc-11 m1cc-12\">\n<p><strong>ABBA No. 977364<\/strong><\/p>\n<\/div>\n<\/div>\n<\/div>\n<\/div>\n<p>El 18 de septiembre de 2018, fuimos bendecidos con un becerro de toro saltar\u00edn que ha sido muy divertido de mostrar y criar. Ciertamente cre\u00f3 mucho inter\u00e9s en todo el mundo. Mr H Pride of Maddox Manso 684\/8 es lo que consideramos el mejor hijo del legendario +Mr H Maddox Manso 684. La madre de &#8220;Pride&#8221; es una antigua ganadora de concursos y una de nuestras donantes de todos los tiempos +Lady H Adelyn Manso 55\/9, que ha producido cerca de 40 hijos registrados incluyendo 11 ganadores de concursos y m\u00faltiples sementales y donantes. Mr H Pride of Maddox Manso 684\/8 no s\u00f3lo ha sido uno de los favoritos de los jueces, sino que tambi\u00e9n est\u00e1 respaldado por una gen\u00e9tica probada con cada animal en las dos primeras generaciones de su pedigr\u00ed alcanzando el Registro ABBA de Renombre, y su poderosa constituci\u00f3n y predictores de rendimiento han atra\u00eddo a ganaderos de todo el mundo. &#8220;Pride&#8221; es de complexi\u00f3n moderada, estructura robusta, gran cuerpo, musculatura pesada, con una l\u00ednea superior larga y nivelada, y una vaina apretada. Los criadores progresistas de Brahman y los de otras razas que buscan incorporar nueva gen\u00e9tica aprecian la combinaci\u00f3n de crecimiento y canal que ofrece &#8220;Pride&#8221;. Los primeros hijos de este joven semental indican que Mr H Pride of Maddox Manso 684\/8 transmitir\u00e1 su superioridad. El futuro deber\u00eda ser divertido con el \u00e9xito de este gran semental y su descendencia.<\/p>\n<ul>\n<li>2019 Campe\u00f3n nacional de terneros reserva<\/li>\n<li>2020 Campe\u00f3n Intermedio Reserva- Fort Worth<\/li>\n<li>2020 Gran Campe\u00f3n Intermedio Internacional Toro Brahman Gris<\/li>\n<li>2020 Sugar Classic Gran Campe\u00f3n y Campe\u00f3n Junior Toro Brahman Gris<\/li>\n<li>2020 Gran Campe\u00f3n Reserva Nacional Toro Gris Brahman<\/li>\n<li>2021 Gran Campe\u00f3n Internacional Toro Brahman Gris<\/li>\n<li>2021 Gran Campe\u00f3n y Campe\u00f3n Senior de la Feria Estatal de Texas Toro Gris Brahman<\/li>\n<\/ul>\n","protected":false},"excerpt":{"rendered":"<p>Mr. H Pride Of Maddox Manso 684\/8 Madre: +LADY H ADELYN MANSO 55\/9 Padre: +MR H MADDOX MANSO 684 ABBA No. 977364 El 18 de septiembre de 2018, fuimos bendecidos [&hellip;]<\/p>\n","protected":false},"author":1,"featured_media":72158,"comment_status":"open","ping_status":"closed","template":"","meta":{"_acf_changed":false,"inline_featured_image":false,"_monsterinsights_skip_tracking":false,"_monsterinsights_sitenote_active":false,"_monsterinsights_sitenote_note":"","_monsterinsights_sitenote_category":0,"site-sidebar-layout":"default","site-content-layout":"","ast-site-content-layout":"default","site-content-style":"default","site-sidebar-style":"default","ast-global-header-display":"","ast-banner-title-visibility":"","ast-main-header-display":"","ast-hfb-above-header-display":"","ast-hfb-below-header-display":"","ast-hfb-mobile-header-display":"","site-post-title":"","ast-breadcrumbs-content":"","ast-featured-img":"","footer-sml-layout":"","ast-disable-related-posts":"","theme-transparent-header-meta":"default","adv-header-id-meta":"","stick-header-meta":"","header-above-stick-meta":"","header-main-stick-meta":"","header-below-stick-meta":"","astra-migrate-meta-layouts":"set","ast-page-background-enabled":"default","ast-page-background-meta":{"desktop":{"background-color":"var(--ast-global-color-4)","background-image":"","background-repeat":"repeat","background-position":"center center","background-size":"auto","background-attachment":"scroll","background-type":"","background-media":"","overlay-type":"","overlay-color":"","overlay-opacity":"","overlay-gradient":""},"tablet":{"background-color":"","background-image":"","background-repeat":"repeat","background-position":"center center","background-size":"auto","background-attachment":"scroll","background-type":"","background-media":"","overlay-type":"","overlay-color":"","overlay-opacity":"","overlay-gradient":""},"mobile":{"background-color":"","background-image":"","background-repeat":"repeat","background-position":"center center","background-size":"auto","background-attachment":"scroll","background-type":"","background-media":"","overlay-type":"","overlay-color":"","overlay-opacity":"","overlay-gradient":""}},"ast-content-background-meta":{"desktop":{"background-color":"var(--ast-global-color-5)","background-image":"","background-repeat":"repeat","background-position":"center center","background-size":"auto","background-attachment":"scroll","background-type":"","background-media":"","overlay-type":"","overlay-color":"","overlay-opacity":"","overlay-gradient":""},"tablet":{"background-color":"var(--ast-global-color-5)","background-image":"","background-repeat":"repeat","background-position":"center center","background-size":"auto","background-attachment":"scroll","background-type":"","background-media":"","overlay-type":"","overlay-color":"","overlay-opacity":"","overlay-gradient":""},"mobile":{"background-color":"var(--ast-global-color-5)","background-image":"","background-repeat":"repeat","background-position":"center center","background-size":"auto","background-attachment":"scroll","background-type":"","background-media":"","overlay-type":"","overlay-color":"","overlay-opacity":"","overlay-gradient":""}},"jetpack_publicize_message":"","jetpack_publicize_feature_enabled":true,"jetpack_social_post_already_shared":false,"jetpack_social_options":{"image_generator_settings":{"template":"highway","default_image_id":0,"font":"","enabled":false},"version":2}},"product_brand":[],"product_cat":[83],"product_tag":[],"class_list":{"0":"post-70000","1":"product","2":"type-product","3":"status-publish","4":"has-post-thumbnail","6":"product_cat-semen-brahmangris","7":"desktop-align-left","8":"tablet-align-left","9":"mobile-align-left","11":"first","12":"instock","13":"shipping-taxable","14":"product-type-simple"},"acf":{"laboratorio":"","principio_activo":"","indicaciones":"","concentracion":"","dosis_y_modo_de_empleo":"","precauciones":"","tiempo_de_retiro":"","via_de_administracion1":[]},"jetpack_publicize_connections":[],"jetpack_sharing_enabled":true,"_links":{"self":[{"href":"https:\/\/geneticatricolor.com\/home\/wp-json\/wp\/v2\/product\/70000","targetHints":{"allow":["GET"]}}],"collection":[{"href":"https:\/\/geneticatricolor.com\/home\/wp-json\/wp\/v2\/product"}],"about":[{"href":"https:\/\/geneticatricolor.com\/home\/wp-json\/wp\/v2\/types\/product"}],"author":[{"embeddable":true,"href":"https:\/\/geneticatricolor.com\/home\/wp-json\/wp\/v2\/users\/1"}],"replies":[{"embeddable":true,"href":"https:\/\/geneticatricolor.com\/home\/wp-json\/wp\/v2\/comments?post=70000"}],"wp:featuredmedia":[{"embeddable":true,"href":"https:\/\/geneticatricolor.com\/home\/wp-json\/wp\/v2\/media\/72158"}],"wp:attachment":[{"href":"https:\/\/geneticatricolor.com\/home\/wp-json\/wp\/v2\/media?parent=70000"}],"wp:term":[{"taxonomy":"product_brand","embeddable":true,"href":"https:\/\/geneticatricolor.com\/home\/wp-json\/wp\/v2\/product_brand?post=70000"},{"taxonomy":"product_cat","embeddable":true,"href":"https:\/\/geneticatricolor.com\/home\/wp-json\/wp\/v2\/product_cat?post=70000"},{"taxonomy":"product_tag","embeddable":true,"href":"https:\/\/geneticatricolor.com\/home\/wp-json\/wp\/v2\/product_tag?post=70000"}],"curies":[{"name":"wp","href":"https:\/\/api.w.org\/{rel}","templated":true}]}}