{"id":70057,"date":"2023-08-15T22:03:46","date_gmt":"2023-08-16T03:03:46","guid":{"rendered":"https:\/\/geneticatricolor.com\/home\/tienda\/sin%20categor\u00eda\/bruselas-tame-carrao-t-e-4519-87\/"},"modified":"2025-07-24T07:55:59","modified_gmt":"2025-07-24T12:55:59","slug":"bruselas-tame-carrao-t-e-4519-87","status":"publish","type":"product","link":"https:\/\/geneticatricolor.com\/home\/tienda\/venta-de-semen\/semen-carne-tropico\/semen-brahmangris\/bruselas-tame-carrao-t-e-4519-87\/","title":{"rendered":"BRUSELAS TAME CARRAO T.E. 4519\/87"},"content":{"rendered":"<p><strong>BRUSELAS TAME CARRAO T.E. 4519\/87 .<\/strong><\/p>\n<p>En su registro cuenta con dos vacas madres sobresalientes en Colombia y con 4 toros padres sobresalientes ( La vitrina 350, Karu Manso 800, Dakota 599 y Brooks 163\/1). Es nieto de Bruselas Tame el Bonche 2015\/18, positivo en habilidad materna, l\u00edder de peso a las 12, 18 meses y l\u00edder del \u00edndice gen\u00e9tico del toro en la evaluaci\u00f3n gen\u00e9tica de ASOCEBU del a\u00f1o 2018. Toro de excelente pigmento, caracterizaci\u00f3n racial, musculatura, profundidad y arco de costilla acompa\u00f1ado de excelente di\u00e1metro testicular. Toro de muy buena precocidad al pre\u00f1ar sus primeras vacas por monta a los 18 meses de edad. El criadero de este toro es l\u00edder en el programa de fincas \u00e9lite de ASOCEBU en producci\u00f3n y reproducci\u00f3n en Colombia.<\/p>\n<p class=\"css-color-blanco\">Carrao se seleccion\u00f3, por ser hijo de la segunda vaca m\u00e1s importante que hemos producido en la historia de bruselas de nombre KORAIMA, la cual es madre sobresaliente en Colombia y madre de campeones en distintas ferias ganaderas. Adem\u00e1s, por su fenotipo c\u00e1rnico, acompa\u00f1ado de un muy buen arco de costilla, excelentes aplomos, estructura \u00f3sea y de excelente habilidad materna. Por el lado paterno es hijo de la vitrina 350\/5, toro padre sobresaliente colombiano. Su Bis abuela materna la vaca G.A.D. BRUSELAS 407\/8 es tambi\u00e9n madre sobresaliente y la vaca m\u00e1s importante producida en Bruselas.<\/p>\n<p class=\"css-color-blanco\"><strong>Caracter\u00edsticas de Carrao<\/strong>:<\/p>\n<ul class=\"css-color-blanco\">\n<li class=\"css-color-blanco\">Casta (muy buenas cabezas, piel y gibas).<\/li>\n<li class=\"css-color-blanco\">Pigmento.<\/li>\n<li class=\"css-color-blanco\">Musculatura.<\/li>\n<li class=\"css-color-blanco\">Arco de costilla.<\/li>\n<li class=\"css-color-blanco\">Talla media.<\/li>\n<li class=\"css-color-blanco\">Fortaleza en el dorso y l\u00ednea del coraz\u00f3n<\/li>\n<\/ul>\n","protected":false},"excerpt":{"rendered":"<p>BRUSELAS TAME CARRAO T.E. 4519\/87 . En su registro cuenta con dos vacas madres sobresalientes en Colombia y con 4 toros padres sobresalientes ( La vitrina 350, Karu Manso 800, [&hellip;]<\/p>\n","protected":false},"author":1,"featured_media":70779,"comment_status":"open","ping_status":"closed","template":"","meta":{"_acf_changed":false,"inline_featured_image":false,"_monsterinsights_skip_tracking":false,"_monsterinsights_sitenote_active":false,"_monsterinsights_sitenote_note":"","_monsterinsights_sitenote_category":0,"site-sidebar-layout":"default","site-content-layout":"default","ast-site-content-layout":"default","site-content-style":"default","site-sidebar-style":"default","ast-global-header-display":"","ast-banner-title-visibility":"","ast-main-header-display":"","ast-hfb-above-header-display":"","ast-hfb-below-header-display":"","ast-hfb-mobile-header-display":"","site-post-title":"","ast-breadcrumbs-content":"","ast-featured-img":"","footer-sml-layout":"","ast-disable-related-posts":"","theme-transparent-header-meta":"default","adv-header-id-meta":"","stick-header-meta":"","header-above-stick-meta":"","header-main-stick-meta":"","header-below-stick-meta":"","astra-migrate-meta-layouts":"set","ast-page-background-enabled":"default","ast-page-background-meta":{"desktop":{"background-color":"var(--ast-global-color-4)","background-image":"","background-repeat":"repeat","background-position":"center center","background-size":"auto","background-attachment":"scroll","background-type":"","background-media":"","overlay-type":"","overlay-color":"","overlay-opacity":"","overlay-gradient":""},"tablet":{"background-color":"","background-image":"","background-repeat":"repeat","background-position":"center center","background-size":"auto","background-attachment":"scroll","background-type":"","background-media":"","overlay-type":"","overlay-color":"","overlay-opacity":"","overlay-gradient":""},"mobile":{"background-color":"","background-image":"","background-repeat":"repeat","background-position":"center center","background-size":"auto","background-attachment":"scroll","background-type":"","background-media":"","overlay-type":"","overlay-color":"","overlay-opacity":"","overlay-gradient":""}},"ast-content-background-meta":{"desktop":{"background-color":"var(--ast-global-color-5)","background-image":"","background-repeat":"repeat","background-position":"center center","background-size":"auto","background-attachment":"scroll","background-type":"","background-media":"","overlay-type":"","overlay-color":"","overlay-opacity":"","overlay-gradient":""},"tablet":{"background-color":"var(--ast-global-color-5)","background-image":"","background-repeat":"repeat","background-position":"center center","background-size":"auto","background-attachment":"scroll","background-type":"","background-media":"","overlay-type":"","overlay-color":"","overlay-opacity":"","overlay-gradient":""},"mobile":{"background-color":"var(--ast-global-color-5)","background-image":"","background-repeat":"repeat","background-position":"center center","background-size":"auto","background-attachment":"scroll","background-type":"","background-media":"","overlay-type":"","overlay-color":"","overlay-opacity":"","overlay-gradient":""}},"jetpack_publicize_message":"","jetpack_publicize_feature_enabled":true,"jetpack_social_post_already_shared":false,"jetpack_social_options":{"image_generator_settings":{"template":"highway","default_image_id":0,"font":"","enabled":false},"version":2}},"product_brand":[],"product_cat":[83],"product_tag":[],"class_list":{"0":"post-70057","1":"product","2":"type-product","3":"status-publish","4":"has-post-thumbnail","6":"product_cat-semen-brahmangris","7":"desktop-align-left","8":"tablet-align-left","9":"mobile-align-left","11":"first","12":"instock","13":"shipping-taxable","14":"product-type-simple"},"acf":{"laboratorio":"","principio_activo":"","indicaciones":"","concentracion":"","dosis_y_modo_de_empleo":"","precauciones":"","tiempo_de_retiro":"","via_de_administracion1":[]},"jetpack_publicize_connections":[],"jetpack_sharing_enabled":true,"_links":{"self":[{"href":"https:\/\/geneticatricolor.com\/home\/wp-json\/wp\/v2\/product\/70057","targetHints":{"allow":["GET"]}}],"collection":[{"href":"https:\/\/geneticatricolor.com\/home\/wp-json\/wp\/v2\/product"}],"about":[{"href":"https:\/\/geneticatricolor.com\/home\/wp-json\/wp\/v2\/types\/product"}],"author":[{"embeddable":true,"href":"https:\/\/geneticatricolor.com\/home\/wp-json\/wp\/v2\/users\/1"}],"replies":[{"embeddable":true,"href":"https:\/\/geneticatricolor.com\/home\/wp-json\/wp\/v2\/comments?post=70057"}],"wp:featuredmedia":[{"embeddable":true,"href":"https:\/\/geneticatricolor.com\/home\/wp-json\/wp\/v2\/media\/70779"}],"wp:attachment":[{"href":"https:\/\/geneticatricolor.com\/home\/wp-json\/wp\/v2\/media?parent=70057"}],"wp:term":[{"taxonomy":"product_brand","embeddable":true,"href":"https:\/\/geneticatricolor.com\/home\/wp-json\/wp\/v2\/product_brand?post=70057"},{"taxonomy":"product_cat","embeddable":true,"href":"https:\/\/geneticatricolor.com\/home\/wp-json\/wp\/v2\/product_cat?post=70057"},{"taxonomy":"product_tag","embeddable":true,"href":"https:\/\/geneticatricolor.com\/home\/wp-json\/wp\/v2\/product_tag?post=70057"}],"curies":[{"name":"wp","href":"https:\/\/api.w.org\/{rel}","templated":true}]}}