{"id":70568,"date":"2023-10-17T13:42:49","date_gmt":"2023-10-17T18:42:49","guid":{"rendered":"https:\/\/geneticatricolor.com\/home\/tienda\/sin%20categor\u00eda\/sj-bedouth-heredero-de-patrimonio-t-e-383-d1\/"},"modified":"2025-07-29T06:11:40","modified_gmt":"2025-07-29T11:11:40","slug":"sj-bedouth-heredero-de-patrimonio-t-e-383-d1","status":"publish","type":"product","link":"https:\/\/geneticatricolor.com\/home\/tienda\/venta-de-semen\/semen-carne-tropico\/semen-brahmanrojo\/sj-bedouth-heredero-de-patrimonio-t-e-383-d1\/","title":{"rendered":"SJ BEDOUTH HEREDERO DE PATRIMONIO T.E. 383\/D1"},"content":{"rendered":"<p>CAMPE\u00d3N NACIONAL TERNERO 2022; toro con muybuena cobertura muscular, capacidad corporal,caracterizaci\u00f3n racial y un color rojo cerezo; caracter\u00edsticasque se ven reflejadas en una muy buena fertilidady desempe\u00f1o al haber tenido sus primeraspre\u00f1eces a la corta edad de 14 meses y un peso dedestete de 394 Kg.<br \/>\nEvaluaci\u00f3n gen\u00e9tica SJ Bedouth:Toro top 1% en \u00edndice gen\u00e9tico SJ Bedouth(entre 40 mil animales evaluados) siendo:-L\u00edder en peso a los 12 meses.<br \/>\n-L\u00edder en peso a los 18 meses.<br \/>\n-L\u00edder en peso a los 24 meses.<br \/>\n-L\u00edder en \u00e1rea de Ojo de lomo.<br \/>\n-L\u00edder en edad al primer parto.<br \/>\n-L\u00edder en \u00cdndice gen\u00e9tico SJ Bedouth.<br \/>\nSu padre el famoso SJ Bedouth Patrimonio 960\/98 Gran Campe\u00f3n Nacional Colombiano<br \/>\n2021, toro ampliamente usado en programas de trasferencias de embriones en Colombia,<br \/>\nMexico, Ecuador, Peru y Venezuela.<\/p>\n<p>Su Madre la vaca 394\/38, vaca donadora con una producci\u00f3n sobresalientes con 5 toros<br \/>\ndiferentes, siendo madre, abuela y bisabuela de vacas probadas en programas de trasferencia<br \/>\nde embriones.<\/p>\n<p>SJB Heredero va dos veces a nuestra vaca insignia Brahman Rojo la llave Hortensia 289,<br \/>\nvaca con registro de madre sobresaliente que dio origen a todo un linaje de animales probadas;<br \/>\ndentro de su descendencia se encuentran m\u00e1s de 10 vacas donadoras de embriones<br \/>\nque van desde hijas hasta tataranietas y m\u00e1s de 30 campeonatos incluyendo tricolores<br \/>\nnacionales, de agroexpo y madres sobresalientes.<\/p>\n<p>SJB heredero es un toro destinado a producir grandes exponentes de la raza, no solo por<br \/>\nel respaldo gen\u00e9tico que este tiene si no tambi\u00e9n por su desempe\u00f1o, conformaci\u00f3n.<\/p>\n","protected":false},"excerpt":{"rendered":"<p>CAMPE\u00d3N NACIONAL TERNERO 2022; toro con muybuena cobertura muscular, capacidad corporal,caracterizaci\u00f3n racial y un color rojo cerezo; caracter\u00edsticasque se ven reflejadas en una muy buena fertilidady desempe\u00f1o al haber tenido [&hellip;]<\/p>\n","protected":false},"author":1,"featured_media":74105,"comment_status":"open","ping_status":"closed","template":"","meta":{"_acf_changed":false,"inline_featured_image":false,"_monsterinsights_skip_tracking":false,"_monsterinsights_sitenote_active":false,"_monsterinsights_sitenote_note":"","_monsterinsights_sitenote_category":0,"site-sidebar-layout":"default","site-content-layout":"","ast-site-content-layout":"default","site-content-style":"default","site-sidebar-style":"default","ast-global-header-display":"","ast-banner-title-visibility":"","ast-main-header-display":"","ast-hfb-above-header-display":"","ast-hfb-below-header-display":"","ast-hfb-mobile-header-display":"","site-post-title":"","ast-breadcrumbs-content":"","ast-featured-img":"","footer-sml-layout":"","ast-disable-related-posts":"","theme-transparent-header-meta":"default","adv-header-id-meta":"","stick-header-meta":"","header-above-stick-meta":"","header-main-stick-meta":"","header-below-stick-meta":"","astra-migrate-meta-layouts":"set","ast-page-background-enabled":"default","ast-page-background-meta":{"desktop":{"background-color":"var(--ast-global-color-4)","background-image":"","background-repeat":"repeat","background-position":"center center","background-size":"auto","background-attachment":"scroll","background-type":"","background-media":"","overlay-type":"","overlay-color":"","overlay-opacity":"","overlay-gradient":""},"tablet":{"background-color":"","background-image":"","background-repeat":"repeat","background-position":"center center","background-size":"auto","background-attachment":"scroll","background-type":"","background-media":"","overlay-type":"","overlay-color":"","overlay-opacity":"","overlay-gradient":""},"mobile":{"background-color":"","background-image":"","background-repeat":"repeat","background-position":"center center","background-size":"auto","background-attachment":"scroll","background-type":"","background-media":"","overlay-type":"","overlay-color":"","overlay-opacity":"","overlay-gradient":""}},"ast-content-background-meta":{"desktop":{"background-color":"var(--ast-global-color-5)","background-image":"","background-repeat":"repeat","background-position":"center center","background-size":"auto","background-attachment":"scroll","background-type":"","background-media":"","overlay-type":"","overlay-color":"","overlay-opacity":"","overlay-gradient":""},"tablet":{"background-color":"var(--ast-global-color-5)","background-image":"","background-repeat":"repeat","background-position":"center center","background-size":"auto","background-attachment":"scroll","background-type":"","background-media":"","overlay-type":"","overlay-color":"","overlay-opacity":"","overlay-gradient":""},"mobile":{"background-color":"var(--ast-global-color-5)","background-image":"","background-repeat":"repeat","background-position":"center center","background-size":"auto","background-attachment":"scroll","background-type":"","background-media":"","overlay-type":"","overlay-color":"","overlay-opacity":"","overlay-gradient":""}},"jetpack_publicize_message":"","jetpack_publicize_feature_enabled":true,"jetpack_social_post_already_shared":false,"jetpack_social_options":{"image_generator_settings":{"template":"highway","default_image_id":0,"font":"","enabled":false},"version":2}},"product_brand":[],"product_cat":[84],"product_tag":[1035],"class_list":{"0":"post-70568","1":"product","2":"type-product","3":"status-publish","4":"has-post-thumbnail","6":"product_cat-semen-brahmanrojo","7":"product_tag-certificados-para-exportacion","8":"desktop-align-left","9":"tablet-align-left","10":"mobile-align-left","12":"first","13":"instock","14":"shipping-taxable","15":"product-type-simple"},"acf":{"laboratorio":"","principio_activo":"","indicaciones":"","concentracion":"","dosis_y_modo_de_empleo":"","precauciones":"","tiempo_de_retiro":"","via_de_administracion1":[]},"jetpack_publicize_connections":[],"jetpack_sharing_enabled":true,"_links":{"self":[{"href":"https:\/\/geneticatricolor.com\/home\/wp-json\/wp\/v2\/product\/70568","targetHints":{"allow":["GET"]}}],"collection":[{"href":"https:\/\/geneticatricolor.com\/home\/wp-json\/wp\/v2\/product"}],"about":[{"href":"https:\/\/geneticatricolor.com\/home\/wp-json\/wp\/v2\/types\/product"}],"author":[{"embeddable":true,"href":"https:\/\/geneticatricolor.com\/home\/wp-json\/wp\/v2\/users\/1"}],"replies":[{"embeddable":true,"href":"https:\/\/geneticatricolor.com\/home\/wp-json\/wp\/v2\/comments?post=70568"}],"wp:featuredmedia":[{"embeddable":true,"href":"https:\/\/geneticatricolor.com\/home\/wp-json\/wp\/v2\/media\/74105"}],"wp:attachment":[{"href":"https:\/\/geneticatricolor.com\/home\/wp-json\/wp\/v2\/media?parent=70568"}],"wp:term":[{"taxonomy":"product_brand","embeddable":true,"href":"https:\/\/geneticatricolor.com\/home\/wp-json\/wp\/v2\/product_brand?post=70568"},{"taxonomy":"product_cat","embeddable":true,"href":"https:\/\/geneticatricolor.com\/home\/wp-json\/wp\/v2\/product_cat?post=70568"},{"taxonomy":"product_tag","embeddable":true,"href":"https:\/\/geneticatricolor.com\/home\/wp-json\/wp\/v2\/product_tag?post=70568"}],"curies":[{"name":"wp","href":"https:\/\/api.w.org\/{rel}","templated":true}]}}