{"id":70950,"date":"2023-11-22T11:45:56","date_gmt":"2023-11-22T16:45:56","guid":{"rendered":"https:\/\/geneticatricolor.com\/home\/tienda\/sin%20categor\u00eda\/jundu-da-estiva\/"},"modified":"2025-07-24T07:59:22","modified_gmt":"2025-07-24T12:59:22","slug":"jundu-da-estiva","status":"publish","type":"product","link":"https:\/\/geneticatricolor.com\/home\/tienda\/venta-de-semen\/semen-dualp\/sindi\/sindi-tipo-leche\/jundu-da-estiva\/","title":{"rendered":"JUNDU DA ESTIVA"},"content":{"rendered":"<p><strong>JUNDU DA ESTIVA<\/strong><\/p>\n<p>Nacimiento: 18\/12\/2017<br \/>\nNombre Completo: JUNDU FIV DA ESTIVA<br \/>\nPropietario: Luiz Guilherme Lima Ferraz e Walter Rack<br \/>\nCriador: Sindi Castilho<\/p>\n<p>Jundu es hijo de la Gran Campeona Nacional Guerreiro con una fuerte donadora de linaje para la producci\u00f3n de leche, Elisa Cariri, que es Barcelos ACS. Gran Campe\u00f3n Nacional &#8211; EXPOZEBU 2022; Posee una hermosa cabeza peque\u00f1a, una tapa perfecta y alineada, costillas profundas, una carcasa refrigerada con excelente complejo morfol\u00f3gico, una grupa amplia y ancha cubierta de carne noble, as\u00ed como un ombligo correcto; A los 3 a\u00f1os y medio de edad, pesaba 1.100 kg, lo que lo convierte en el toro m\u00e1s pesado jam\u00e1s criado en Sindi Castilho, sin duda un semental que ser\u00e1 el sucesor de su padre y tiene una doble funci\u00f3n en su sangre. Jundu deja un gran legado para la gen\u00e9tica Brasile\u00f1a, marcado por la excepcional calidad de su progenie y la confianza que se gan\u00f3 a lo largo de los a\u00f1os. Su contribuci\u00f3n a la mejora gen\u00e9tica perdurar\u00e1 en los reba\u00f1os de muchos productores.<\/p>\n","protected":false},"excerpt":{"rendered":"<p>JUNDU DA ESTIVA Nacimiento: 18\/12\/2017 Nombre Completo: JUNDU FIV DA ESTIVA Propietario: Luiz Guilherme Lima Ferraz e Walter Rack Criador: Sindi Castilho Jundu es hijo de la Gran Campeona Nacional [&hellip;]<\/p>\n","protected":false},"author":1,"featured_media":77219,"comment_status":"open","ping_status":"closed","template":"","meta":{"_acf_changed":false,"inline_featured_image":false,"_monsterinsights_skip_tracking":false,"_monsterinsights_sitenote_active":false,"_monsterinsights_sitenote_note":"","_monsterinsights_sitenote_category":0,"site-sidebar-layout":"default","site-content-layout":"","ast-site-content-layout":"default","site-content-style":"default","site-sidebar-style":"default","ast-global-header-display":"","ast-banner-title-visibility":"","ast-main-header-display":"","ast-hfb-above-header-display":"","ast-hfb-below-header-display":"","ast-hfb-mobile-header-display":"","site-post-title":"","ast-breadcrumbs-content":"","ast-featured-img":"","footer-sml-layout":"","ast-disable-related-posts":"","theme-transparent-header-meta":"default","adv-header-id-meta":"","stick-header-meta":"","header-above-stick-meta":"","header-main-stick-meta":"","header-below-stick-meta":"","astra-migrate-meta-layouts":"set","ast-page-background-enabled":"default","ast-page-background-meta":{"desktop":{"background-color":"var(--ast-global-color-4)","background-image":"","background-repeat":"repeat","background-position":"center center","background-size":"auto","background-attachment":"scroll","background-type":"","background-media":"","overlay-type":"","overlay-color":"","overlay-opacity":"","overlay-gradient":""},"tablet":{"background-color":"","background-image":"","background-repeat":"repeat","background-position":"center center","background-size":"auto","background-attachment":"scroll","background-type":"","background-media":"","overlay-type":"","overlay-color":"","overlay-opacity":"","overlay-gradient":""},"mobile":{"background-color":"","background-image":"","background-repeat":"repeat","background-position":"center center","background-size":"auto","background-attachment":"scroll","background-type":"","background-media":"","overlay-type":"","overlay-color":"","overlay-opacity":"","overlay-gradient":""}},"ast-content-background-meta":{"desktop":{"background-color":"var(--ast-global-color-5)","background-image":"","background-repeat":"repeat","background-position":"center center","background-size":"auto","background-attachment":"scroll","background-type":"","background-media":"","overlay-type":"","overlay-color":"","overlay-opacity":"","overlay-gradient":""},"tablet":{"background-color":"var(--ast-global-color-5)","background-image":"","background-repeat":"repeat","background-position":"center center","background-size":"auto","background-attachment":"scroll","background-type":"","background-media":"","overlay-type":"","overlay-color":"","overlay-opacity":"","overlay-gradient":""},"mobile":{"background-color":"var(--ast-global-color-5)","background-image":"","background-repeat":"repeat","background-position":"center center","background-size":"auto","background-attachment":"scroll","background-type":"","background-media":"","overlay-type":"","overlay-color":"","overlay-opacity":"","overlay-gradient":""}},"jetpack_publicize_message":"","jetpack_publicize_feature_enabled":true,"jetpack_social_post_already_shared":true,"jetpack_social_options":{"image_generator_settings":{"template":"highway","default_image_id":0,"font":"","enabled":false},"version":2}},"product_brand":[],"product_cat":[591,637],"product_tag":[],"class_list":{"0":"post-70950","1":"product","2":"type-product","3":"status-publish","4":"has-post-thumbnail","6":"product_cat-sindi-lechero","7":"product_cat-sindi-tipo-leche","8":"desktop-align-left","9":"tablet-align-left","10":"mobile-align-left","12":"first","13":"instock","14":"shipping-taxable","15":"product-type-simple"},"acf":{"laboratorio":"","principio_activo":"","indicaciones":"","concentracion":"","dosis_y_modo_de_empleo":"","precauciones":"","tiempo_de_retiro":"","via_de_administracion1":[""]},"jetpack_publicize_connections":[],"jetpack_sharing_enabled":true,"_links":{"self":[{"href":"https:\/\/geneticatricolor.com\/home\/wp-json\/wp\/v2\/product\/70950","targetHints":{"allow":["GET"]}}],"collection":[{"href":"https:\/\/geneticatricolor.com\/home\/wp-json\/wp\/v2\/product"}],"about":[{"href":"https:\/\/geneticatricolor.com\/home\/wp-json\/wp\/v2\/types\/product"}],"author":[{"embeddable":true,"href":"https:\/\/geneticatricolor.com\/home\/wp-json\/wp\/v2\/users\/1"}],"replies":[{"embeddable":true,"href":"https:\/\/geneticatricolor.com\/home\/wp-json\/wp\/v2\/comments?post=70950"}],"wp:featuredmedia":[{"embeddable":true,"href":"https:\/\/geneticatricolor.com\/home\/wp-json\/wp\/v2\/media\/77219"}],"wp:attachment":[{"href":"https:\/\/geneticatricolor.com\/home\/wp-json\/wp\/v2\/media?parent=70950"}],"wp:term":[{"taxonomy":"product_brand","embeddable":true,"href":"https:\/\/geneticatricolor.com\/home\/wp-json\/wp\/v2\/product_brand?post=70950"},{"taxonomy":"product_cat","embeddable":true,"href":"https:\/\/geneticatricolor.com\/home\/wp-json\/wp\/v2\/product_cat?post=70950"},{"taxonomy":"product_tag","embeddable":true,"href":"https:\/\/geneticatricolor.com\/home\/wp-json\/wp\/v2\/product_tag?post=70950"}],"curies":[{"name":"wp","href":"https:\/\/api.w.org\/{rel}","templated":true}]}}