{"id":71607,"date":"2024-03-08T22:17:44","date_gmt":"2024-03-09T03:17:44","guid":{"rendered":"https:\/\/geneticatricolor.com\/home\/tienda\/sin%20categor\u00eda\/aviyodox\/"},"modified":"2025-03-17T13:14:28","modified_gmt":"2025-03-17T18:14:28","slug":"aviyodox","status":"publish","type":"product","link":"https:\/\/geneticatricolor.com\/home\/tienda\/implementos-lecheria\/desinfeccion-lecherias\/aviyodox\/","title":{"rendered":"AVIYODOX"},"content":{"rendered":"<p>Desinfecci\u00f3n externa de cantinas, orde\u00f1adoras, tanques y equipos, 2 mL por litro de agua. Desinfecci\u00f3n de ombligos, lavado de ubres y manos antes del orde\u00f1o, 4 mL por litro de agua. Desinfecci\u00f3n de instrumental, 2 mL por litro de agua. En fumigaci\u00f3n y desinfecci\u00f3n de galpones, establos, vagones, veh\u00edculos de transporte de ganado, diluir 3 mL por litro de agua. En lavado y desinfecci\u00f3n por aspersi\u00f3n \u00f3 por inmersi\u00f3n de bebederos y comederos, diluir 3 mL por litro de agua. Aplicaci\u00f3n de fosas, lavapatas y pocetas de ingreso a granjas, galpones y otras instalaciones, diluir 4 mL por litro de agua.<\/p>\n","protected":false},"excerpt":{"rendered":"<p>Desinfecci\u00f3n externa de cantinas, orde\u00f1adoras, tanques y equipos, 2 mL por litro de agua. Desinfecci\u00f3n de ombligos, lavado de ubres y manos antes del orde\u00f1o, 4 mL por litro de [&hellip;]<\/p>\n","protected":false},"author":1,"featured_media":71635,"comment_status":"open","ping_status":"closed","template":"","meta":{"_acf_changed":false,"inline_featured_image":false,"_monsterinsights_skip_tracking":false,"_monsterinsights_sitenote_active":false,"_monsterinsights_sitenote_note":"","_monsterinsights_sitenote_category":0,"_ti_tpc_template_sync":false,"_ti_tpc_template_id":"","jetpack_publicize_message":"","jetpack_publicize_feature_enabled":true,"jetpack_social_post_already_shared":true,"jetpack_social_options":{"image_generator_settings":{"template":"highway","enabled":false},"version":2}},"product_brand":[],"product_cat":[1016],"product_tag":[],"class_list":{"0":"post-71607","1":"product","2":"type-product","3":"status-publish","4":"has-post-thumbnail","6":"product_cat-desinfeccion-lecherias","8":"first","9":"instock","10":"shipping-taxable","11":"purchasable","12":"product-type-variable","13":"has-default-attributes"},"jetpack_publicize_connections":[],"acf":{"laboratorio":"","principio_activo":"","indicaciones":"","concentracion":"Cada 100 mL de AVIYODOX contienen:\r\nComplejo yodo \u2013 octilfenoxietanol (Yodo disponible 2,5g) (Nonil fenol 10 moles 24 g)\t26,5 g\r\nExcipientes c.s.p.\t100 m","dosis_y_modo_de_empleo":"","precauciones":"","tiempo_de_retiro":"","via_de_administracion1":[""]},"aioseo_notices":[],"jetpack_sharing_enabled":true,"_links":{"self":[{"href":"https:\/\/geneticatricolor.com\/home\/wp-json\/wp\/v2\/product\/71607","targetHints":{"allow":["GET"]}}],"collection":[{"href":"https:\/\/geneticatricolor.com\/home\/wp-json\/wp\/v2\/product"}],"about":[{"href":"https:\/\/geneticatricolor.com\/home\/wp-json\/wp\/v2\/types\/product"}],"author":[{"embeddable":true,"href":"https:\/\/geneticatricolor.com\/home\/wp-json\/wp\/v2\/users\/1"}],"replies":[{"embeddable":true,"href":"https:\/\/geneticatricolor.com\/home\/wp-json\/wp\/v2\/comments?post=71607"}],"wp:featuredmedia":[{"embeddable":true,"href":"https:\/\/geneticatricolor.com\/home\/wp-json\/wp\/v2\/media\/71635"}],"wp:attachment":[{"href":"https:\/\/geneticatricolor.com\/home\/wp-json\/wp\/v2\/media?parent=71607"}],"wp:term":[{"taxonomy":"product_brand","embeddable":true,"href":"https:\/\/geneticatricolor.com\/home\/wp-json\/wp\/v2\/product_brand?post=71607"},{"taxonomy":"product_cat","embeddable":true,"href":"https:\/\/geneticatricolor.com\/home\/wp-json\/wp\/v2\/product_cat?post=71607"},{"taxonomy":"product_tag","embeddable":true,"href":"https:\/\/geneticatricolor.com\/home\/wp-json\/wp\/v2\/product_tag?post=71607"}],"curies":[{"name":"wp","href":"https:\/\/api.w.org\/{rel}","templated":true}]}}